is the thousands digit of 471053?
1
What is the millions digit of 25272024?
5
What is the ten thousands digit of 242328?
4
What is the hundreds digit of 23879271?
2
What is the hundred thousands digit of 18808978?
8
What is the units digit of 326170?
0
What is the units digit of 561770?
0
What is the units digit of 45264?
4
What is the ten thousands digit of 10082294?
8
What is the hundreds digit of 864226?
2
What is the units digit of 1307438?
8
What is the thousands digit of 289283?
9
What is the hundreds digit of 6567886?
8
What is the tens digit of 125573?
7
What is the hundred thousands digit of 18945429?
9
What is the hundreds digit of 7433425?
4
What is the units digit of 3260810?
0
What is the thousands digit of 1055705?
5
What is the tens digit of 31386591?
9
What is the hundreds digit of 1546397?
3
What is the thousands digit of 763443?
3
What is the ten thousands digit of 56974?
5
What is the tens digit of 171899?
9
What is the tens digit of 3630?
3
What is the millions digit of 1035535?
1
What is the millions digit of 12675514?
2
What is the units digit of 505018?
8
What is the thousands digit of 12186991?
6
What is the hundreds digit of 9045?
0
What is the millions digit of 14763225?
4
What is the thousands digit of 23381014?
1
What is the hundred thousands digit of 156094?
1
What is the units digit of 168035?
5
What is the ten thousands digit of 127945?
2
What is the hundred thousands digit of 159458?
1
What is the ten thousands digit of 4666012?
6
What is the hundred thousands digit of 4712872?
7
What is the ten thousands digit of 31873393?
7
What is the ten thousands digit of 3925555?
2
What is the thousands digit of 527943?
7
What is the tens digit of 526395?
9
What is the hundred thousands digit of 143413?
1
What is the thousands digit of 953050?
3
What is the hundreds digit of 76625?
6
What is the hundreds digit of 48709?
7
What is the tens digit of 29872594?
9
What is the tens digit of 11118085?
8
What is the hundred thousands digit of 139972?
1
What is the tens digit of 599155?
5
What is the hundred thousands digit of 142064?
1
What is the hundred thousands digit of 34356489?
3
What is the hundred thousands digit of 2043818?
0
What is the thousands digit of 751769?
1
What is the tens digit of 966366?
6
What is the tens digit of 3388101?
0
What is the tens digit of 8883700?
0
What is the units digit of 286182?
2
What is the ten thousands digit of 10123519?
2
What is the tens digit of 643532?
3
What is the hundreds digit of 11864191?
1
What is the units digit of 1521198?
8
What is the millions digit of 3271859?
3
What is the tens digit of 361931?
3
What is the ten thousands digit of 656118?
5
What is the tens digit of 11337822?
2
What is the tens digit of 21419?
1
What is the units digit of 14379025?
5
What is the hundred thousands digit of 154048?
1
What is the hundreds digit of 98643?
6
What is the hundreds digit of 5500949?
9
What is the tens digit of 11936989?
8
What is the thousands digit of 27273235?
3
What is the thousands digit of 539849?
9
What is the thousands digit of 215296?
5
What is the ten millions digit of 17021185?
1
What is the ten thousands digit of 1676297?
7
What is the units digit of 816478?
8
What is the ten thousands digit of 82369?
8
What is the hundred thousands digit of 7254254?
2
What is the tens digit of 3147896?
9
What is the hundreds digit of 543505?
5
What is the thousands digit of 1810611?
0
What is the hundreds digit of 1364279?
2
What is the ten thousands digit of 279334?
7
What is the thousands digit of 133648?
3
What is the hundred thousands digit of 11287222?
2
What is the units digit of 2200205?
5
What is the hundreds digit of 1230254?
2
What is the hundred thousands digit of 401515?
4
What is the hundred thousands digit of 5093798?
0
What is the tens digit of 169016?
1
What is the units digit of 324342?
2
What is the ten thousands digit of 2088237?
8
What is the ten thousands digit of 223221?
2
What is the hundred thousands digit of 17262866?
2
What is the hundreds digit of 788819?
8
What is the units digit of 11922390?
0
What is the ten thousands digit of 363364?
6
What is the hundred thousands digit of 897432?
8
What is the units digit of 1304719?
9
What is the ten thousands digit of 12142?
1
What is the thousands digit of 268160?
8
What is the millions digit of 24738670?
4
What is the millions digit of 1217738?
1
What is the units digit of 135383?
3
What is the tens digit of 638606?
0
What is the thousands digit of 37354?
7
What is the units digit of 29612572?
2
What is the hundreds digit of 5935932?
9
What is the ten thousands digit of 1841744?
4
What is the hundreds digit of 906266?
2
What is the thousands digit of 2471193?
1
What is the millions digit of 36902227?
6
What is the hundred thousands digit of 9232222?
2
What is the ten thousands digit of 8303612?
0
What is the tens digit of 204838?
3
What is the ten millions digit of 33227048?
3
What is the ten thousands digit of 23275109?
7
What is the millions digit of 2070407?
2
What is the ten thousands digit of 1267798?
6
What is the ten thousands digit of 69919?
6
What is the thousands digit of 5971191?
1
What is the tens digit of 13606?
0
What is the thousands digit of 1311116?
1
What is the millions digit of 5307790?
5
What is the hundred thousands digit of 4110088?
1
What is the thousands digit of 1276501?
6
What is the ten thousands digit of 477172?
7
What is the tens digit of 1092938?
3
What is the hundred thousands digit of 1365571?
3
What is the hundred thousands digit of 587154?
5
What is the hundreds digit of 11917310?
3
What is the units digit of 1085640?
0
What is the units digit of 13484126?
6
What is the tens digit of 230221?
2
What is the hundreds digit of 2761876?
8
What is the millions digit of 2337696?
2
What is the units digit of 147647?
7
What is the hundreds digit of 108180?
1
What is the hundred thousands digit of 2232736?
2
What is the hundreds digit of 118398?
3
What is the tens digit of 62045?
4
What is the tens digit of 38577?
7
What is the tens digit of 645945?
4
What is the tens digit of 131933?
3
What is the ten thousands digit of 14722456?
2
What is the hundred thousands digit of 374014?
3
What is the thousands digit of 326661?
6
What is the tens digit of 148256?
5
What is the ten thousands digit of 1864748?
6
What is the tens digit of 16519942?
4
What is the hundreds digit of 496759?
7
What is the units digit of 18443485?
5
What is the units digit of 153487?
7
What is the units digit of 228474?
4
What is the millions digit of 43377149?
3
What is the tens digit of 11859226?
2
What is the millions digit of 3546533?
3
What is the hundreds digit of 701725?
7
What is the tens digit of 3138278?
7
What is the thousands digit of 7785365?
5
What is the hundreds digit of 3419709?
7
What is the hundred thousands digit of 475646?
4
What is the tens digit of 265399?
9
What is the ten thousands digit of 220070?
2
What is the units digit of 7361?
1
What is the hundred thousands digit of 372076?
3
What is the hundred thousands digit of 140333?
1
What is the units digit of 905995?
5
What is the hundred thousands digit of 160742?
1
What is the tens digit of 2102010?
1
What is the ten thousands digit of 3806753?
0
What is the ten thousands digit of 3316989?
1
What is the units digit of 2093810?
0
What is the thousands digit of 284192?
4
What is the hundred thousands digit of 214357?
2
What is the units digit of 13813982?
2
What is the millions digit of 18908588?
8
What is the thousands digit of 353283?
3
What is the thousands digit of 1025310?
5
What is the thousands digit of 66019?
6
What is the millions digit of 5069377?
5
What is the hundreds digit of 991008?
0
What is the hundred thousands digit of 207747?
2
What is the thousands digit of 10353253?
3
What is the hundred thousands digit of 11000641?
0
What is the units digit of 36311?
1
What is the tens digit of 2854121?
2
What is the units digit of 359611?
1
What is the hundred thousands digit of 336977?
3
What is the ten thousands digit of 3767548?
6
What is the units digit of 43921?
1
What is the ten thousands digit of 138825?
3
What is the tens digit of 263607?
0
What is the hundred thousands digit of 594217?
5
What is the ten thousands digit of 198049?
9
